mainder when 5*5 - (15 - 16) is divided by 9?
8
Let a(i) = -5*i. What is the remainder when a(-3) is divided by 4?
3
Let g be 2/(-2) + (3 - 3). Let w be 1/(1 + g/2). Let r(a) = 9*a**2 + 2*a. What is the remainder when r(w) is divided by 14?
12
Suppose 0 = v - 6*v + 10. Let g = -5 + 5. Let d = v - g. Calculate the remainder when d is divided by 1.
0
Suppose 6*d - 9*d + 399 = -3*m, -2*d - 2*m = -262. Calculate the remainder when d is divided by 34.
30
Let m be (0 - 1)/(2/(-4)). Let z be (-1)/((-2)/m) - -26. Suppose 5*t - 157 + z = 0. Calculate the remainder when t is divided by 9.
8
Let i = 14 + -6. Suppose -3*m = -i*m + 125. Calculate the remainder when m is divided by 14.
11
Let q(x) = x**2 - 3*x + 9. Suppose 3*i = 5 + 1. Let g(s) = 2*s**2 + 3*s - 1. What is the remainder when q(8) is divided by g(i)?
10
Suppose 5*u + 0*u + 5 = 0. What is the remainder when (u - (0 + 32))*-1 is divided by 12?
9
Suppose -2*c - 2 = -6. What is the remainder when ((-47)/c)/(-1)*2 is divided by ((-16)/(-10))/((-17)/(-255))?
23
Let k(q) = -q**3 + 4*q**2 - 2*q - 1. Let f be 16/10 + 6/15. Suppose f*y - 7 = 1. Calculate the remainder when y is divided by k(3).
0
Suppose 25 - 7 = 2*a. Suppose -a*o + 255 = -4*o. Suppose 3*l = 2*k + 80, 3*l - 41 - 32 = -5*k. Calculate the remainder when o is divided by l.
25
Let i(r) = 38*r - 42. Calculate the remainder when i(7) is divided by 25.
24
Let r = -12 + 23. Calculate the remainder when -2 - -2*1 - -21 is divided by r.
10
What is the remainder when 252 is divided by 10*12/(-40)*-5?
12
Suppose a = f + 4, -4*f - 5*a = -5*f + 4. Let r = f - -6. Suppose 4*k - 4 - 24 = r. Calculate the remainder when 19 is divided by k.
5
Let a = -10 + 11. What is the remainder when (9/(-6) + a)*-74 is divided by 19?
18
Suppose 3*r - 4*z - 30 = 0, -3*z = 5*r + z - 18. Calculate the remainder when r is divided by 5.
1
Suppose -9*u = -4*u - 15. Calculate the remainder when 5 is divided by u.
2
Let j(d) = -d + 8. What is the remainder when 45 is divided by j(-5)?
6
Let k(m) = -m**3 + 6*m**2 - m + 8. Let p be k(6). Let w(l) = l**2 + 2. Let q(x) = x**3 - 2*x**2 - 2*x + 1. Calculate the remainder when w(p) is divided by q(3).
2
Suppose -4*r + 4 = -8. Let h = r - -4. Suppose 5*v - y + 8 - 63 = 0, -4*v - 4*y = -68. Calculate the remainder when v is divided by h.
5
Suppose 0 = -5*r + 425 + 265. Suppose z + r = 4*z. What is the remainder when z is divided by 16?
14
Suppose -5*n - 2*s + 118 = 0, 2*n - 15 - 37 = -2*s. Suppose -67 = -2*o - 7. Let y = 34 + o. What is the remainder when y is divided by n?
20
Calculate the remainder when (-105)/(-28)*(49/3 - 3) is divided by 27.
23
Let w(r) = r**2 - 19*r - 9. What is the remainder when 20 is divided by w(20)?
9
Let p be 1 + (-4)/(-2)*1. Let m = 6 + p. Calculate the remainder when (-3 + 1)/((-7)/91) is divided by m.
8
Let l(v) = v + 3*v - 7*v + 3. Let r = -7 - -1. Calculate the remainder when 62 is divided by l(r).
20
Let n(v) = -v**2 - 5*v - 2. Let o be n(-4). Suppose 0 = -2*a + 10, 117 = 5*j - o*a + 17. Calculate the remainder when j is divided by 6.
4
Let k(f) = 2*f**2 + 2*f - 4. Let x = 8 + 14. Calculate the remainder when x is divided by k(-3).
6
Suppose 4*h - 172 = -0*h. Suppose -3*v - v - 96 = 0. Let m = 39 + v. What is the remainder when h is divided by m?
13
Calculate the remainder when (-1479)/(-12) - 7/28 is divided by 43.
37
Let w(y) = 9*y + 2. Calculate the remainder when 43 is divided by w(1).
10
Let w = 12 - 9. Let g(m) = m**3 + 2*m**2 + 2*m. Let c = 38 + -25. Calculate the remainder when g(w) is divided by c.
12
Let g be 1 + -1 - (-14 + 13). Suppose 3*r = -2*k + 89, 0*r + r = -g. What is the remainder when k is divided by 12?
10
Suppose -y - 4 = -5. Let f be (16/5)/((-1)/(-5)). Calculate the remainder when (-2)/(-3) + f/12 is divided by y.
0
Suppose 2*i = 10, -2*i = 5*s + 3*i - 35. What is the remainder when 1/s + (-1311)/(-38) is divided by 18?
17
Suppose f = -3*f + 20. Suppose q - 108 = -3*c, -f*q = 4*c + 196 - 725. Calculate the remainder when q is divided by 27.
24
Suppose l + 0*d + d = 12, -l + 5*d = 12. Calculate the remainder when 31 is divided by l.
7
Let r(a) = -a**3 + 7*a**2 + 4*a - 1. Let o(d) = 6*d**3 + 1. Let k be o(1). What is the remainder when r(k) is divided by 14?
13
Let b(s) = -2*s + 1. Calculate the remainder when 43 is divided by b(-7).
13
Let h(r) = r**2 - 17*r + 1. Calculate the remainder when h(20) is divided by 21.
19
Let u(q) = 2*q**3 - 2*q + 3. Calculate the remainder when 59 is divided by u(2).
14
Suppose -75 = -5*y + 5*p, y - 3*p = 31 - 8. Calculate the remainder when y is divided by 6.
5
Suppose -5*c + 3*c + 24 = 0. Suppose -11*f - 46 = -c*f. Calculate the remainder when f is divided by 12.
10
Let v(o) = 22*o**2 - o + 1. Suppose 0 = -3*w + w + 2. Calculate the remainder when v(w) is divided by 6.
4
Let p(b) = -b + 7. Let q be p(9). Let s be q*1/(3/(-18)). Calculate the remainder when 7 is divided by 8/s*(-9)/(-2).
1
Suppose 0 = -5*u - 10 - 10. Let c(z) = -z**3 - 3*z**2 + 2*z + 5. Calculate the remainder when 38 is divided by c(u).
12
Let l = 0 + 3. Suppose 0 = i - 5 - l. Suppose -3*j + 1 = -i. What is the remainder when 7 is divided by j?
1
Suppose -3 = 3*w - 9. Let i be -2*15/10*-6. Suppose -w*d + i = d. Calculate the remainder when 23 is divided by d.
5
Let p = 7 - -127. Calculate the remainder when p is divided by 8.
6
Let k = 30 + -6. Calculate the remainder when 70 is divided by k.
22
Let d = 25 + -18. What is the remainder when d is divided by 2?
1
Suppose y = -1 - 0, 4*w - 4*y - 16 = 0. Suppose -4*a + 15 = w. Calculate the remainder when 4 is divided by a.
1
Let f = 21 + -18. What is the remainder when 5 is divided by f?
2
Let k(n) = n**3 + 7*n**2 - 34*n + 2. What is the remainder when 207 is divided by k(-10)?
39
What is the remainder when 66 is divided by 372/11 + 2/11?
32
Let p(r) = r**2 + 10*r + 3. What is the remainder when p(-12) is divided by 5?
2
Let p(x) = x**3 - 14*x**2 + 20*x - 44. What is the remainder when 90 is divided by p(13)?
43
Let b(k) = -k**3 + k**2 + k + 1. Let g(h) = -12*h**2 + 8. Let m(s) = -b(s) - g(s). What is the remainder when 5 is divided by m(-11)?
1
Let v = -64 + 37. Let t be (-2)/(-6) + 9/v. Suppose -3*c + 2*p + 17 = t, -2 + 18 = -4*p. Calculate the remainder when c is divided by 2.
1
Let i = 12 - 3. Suppose -a = 2*u + 2, 7*u - 2*u + 3*a = -6. What is the remainder when u/4 - (-50)/2 is divided by i?
7
Suppose -c = -99 - 89. Suppose g = 5*g - c. What is the remainder when g is divided by 12?
11
Suppose -q - 6 = -4*q. Suppose 0 = 8*k - 4*k - q*d - 116, 19 = k + 2*d. What is the remainder when k is divided by 7?
6
Let w = -25 + 53. Calculate the remainder when 167 is divided by w.
27
Suppose -2*h = -0*h - 2*p - 90, -5*h = -p - 217. Calculate the remainder when h is divided by 4.
3
Let i = -14 + 51. What is the remainder when 71 is divided by i?
34
Suppose -5*x = -b + 22, 5*b - b + x - 4 = 0. Let s be b - 3/((-9)/33). Calculate the remainder when (s + 0)*(-1 + 2) is divided by 7.
6
Let p(h) = -4*h - 5. What is the remainder when p(-6) is divided by (16/4)/12*(18 + 3)?
5
Let i(u) = -u + 5. Suppose 2*m + 8 = -2*h, -h + 4*m = -m + 4. Let a be (3 - 0)/(2/h). Calculate the remainder when i(a) is divided by 6.
5
Suppose 49 = a - 48. Suppose 2*y - 100 = -3*y. What is the remainder when a is divided by y?
17
What is the remainder when 132 is divided by 594/26 - 2/(-39)*3?
17
Suppose -4*v - 8 = -6*v. What is the remainder when (v + 27)*(1 + 0) is divided by ((-55)/20)/(2/(-8))?
9
Let q(h) = h**2 + 22*h + 20. Suppose -3*p + 3*n = -21, 5*n - n = 16. Calculate the remainder when q(-23) is divided by p.
10
Let x(a) be the third derivative of a**5/12 + a**4/6 + a**3/6 + 2*a**2. Let l = 40 + -28. What is the remainder when x(-3) is divided by l?
10
Let m(g) = 21*g - 1. Let s be m(2). Suppose n = 5*n - 3*j - 48, 0 = -5*n - j + s. Let r = 30 - n. Calculate the remainder when 40 is divided by r.
19
Let g = 5 + 0. Suppose 332 = g*t + 57. Suppose -3*d + t = 6*r - r, -2*r = 4*d - 50. What is the remainder when 18 is divided by d?
8
Let n = 50 - 24. What is the remainder when 129 is divided by n?
25
Let k(r) = -9*r**3 + 2*r - 1. Let q be k(1). Let a = q - -12. What is the remainder when 11 is divided by a?
3
Let r = -34 + 59. Let g = 76 - 69. What is th